remainder when t(29) is divided by 17?
11
Suppose -2*u - 426 = -4*b, 3*b - 4*u - 37 = 275. Let c = b + -34. What is the remainder when c is divided by 10?
4
Let z(b) = 2*b**2 + 75*b + 652. Calculate the remainder when 579 is divided by z(-26).
39
Let u = 62 - 37. Let l = 428 - 430. What is the remainder when u is divided by -3 + 8 + 8 - l?
10
Let o = 11 + -8. Suppose 72 = o*g + 3*n, -n = -g - 4*n + 32. What is the remainder when g is divided by (0 + -2 - 1)/(30/(-70))?
6
Let s(i) = 3*i**2 - i. Let f = 136 - 119. Let o(b) = b - 15. Let d be o(f). What is the remainder when 31 is divided by s(d)?
1
Let m be (-12)/20 - 2003/(-5). Suppose -3*z + m = 2*g + 69, -2*g + 5*z + 323 = 0. Let a(w) = -255*w - 1233. What is the remainder when g is divided by a(-5)?
38
Let f = 822 - 727. Suppose -3*a + z + 107 = 0, -a + 5*z - 145 = -6*a. Calculate the remainder when f is divided by a.
27
Let b = -2064 + 2074. What is the remainder when 99 is divided by b?
9
Let w = 6304 + -6114. What is the remainder when 388 is divided by w?
8
Let x(i) = i**2 - 12*i + 48. Let s be x(7). Let p = 153 + s. What is the remainder when p is divided by 57?
52
Let b(q) = 3*q - 59. Let f be b(20). Let p = -6 - -17. Calculate the remainder when f/(41/(-21) - -2) is divided by p.
10
Let g = 6570 + -4005. Suppose -10*l - 815 = g. What is the remainder when (-2)/(l/(-114) + -3) is divided by 12?
9
Let n = -164 + 183. Let j(g) = -g**2 + 18*g + 84. Calculate the remainder when j(n) is divided by 6.
5
Suppose 10*o + 145 = 13*o - l, -5*o = 5*l - 275. What is the remainder when 1609 is divided by o?
9
Let w(x) = -x**3 - 54*x**2 + 489*x - 44. What is the remainder when 3884 is divided by w(-62)?
374
Let y(n) = -n**3 - n**2 + 9*n - 159. Let a be y(0). Let x = a - -220. Calculate the remainder when x is divided by 23.
15
Suppose 4*u - 26*f = -21*f + 229, 240 = 5*u + 3*f. Calculate the remainder when 67 is divided by u.
16
Suppose 1062 - 257 = 35*k. Suppose 3*h + 2*h - 60 = 0. Calculate the remainder when k is divided by -1*(h/(-3) + -1).
3
Suppose 14*v = -8*v + 2970. Suppose v*a - 131*a - 1448 = 0. What is the remainder when a is divided by 14?
12
Suppose -24*n + 13*n + 231 = 0. Suppose n*h = 18*h + 39. Calculate the remainder when 77 is divided by h.
12
Let c = 16 - 0. Let i(r) = r**2 - 10*r - 44. Calculate the remainder when i(c) is divided by 8.
4
Let a = 167 + -146. Let r = 83 + -12. Let f = r + -9. Calculate the remainder when f is divided by a.
20
Let l(j) = j**3 - 3*j + 149. Let y be l(0). Suppose -12*a + 8*a + y = 3*p, 5*a - 230 = 5*p. Calculate the remainder when 695 is divided by a.
39
Let m(p) = 2 - 2 + p - 26*p - 8. Let g be m(18). Calculate the remainder when (-10)/(-55) - g/22 is divided by 8.
5
Let f = -34 - 3. Let h = f - -52. Suppose 67*p = -58 + 259. What is the remainder when h is divided by p?
0
Suppose -l + 14*w - 12*w + 156 = 0, 5*l - 750 = -5*w. Let n be (1 - 2) + (-1 - -2). Suppose -9*m + m + l = n. Calculate the remainder when 73 is divided by m.
16
Let q be 4350/80 - (-3)/(-8). Let z = 58 - q. Suppose 21 = -z*v + 65. What is the remainder when 39 is divided by v?
6
Suppose 24 = u + 19. Let o be -3 - -5*135/u. Suppose -c = -5*c + o. Calculate the remainder when c is divided by 17.
16
Suppose 10*c - c = 810. Calculate the remainder when (4/(-10))/(7/70) - -270 is divided by c.
86
What is the remainder when 314 is divided by (-2 - -6)/((-24)/(-18)) + 122?
64
Let p = 176 + -113. Let i(n) = 33*n**3 + 2*n**2 + 5*n**2 - 4*n**2 + n - 5*n**2. Calculate the remainder when p is divided by i(1).
31
Suppose 0 = -y + 5*m + 22, -3*y + 2*m + 14 = 0. Calculate the remainder when 71 is divided by y*4 - 13/(-13).
8
Suppose 0*o + 2376 = 4*o. Suppose -7*p = -6*p - 32. What is the remainder when p is divided by (-6)/14 - o/(-63)?
5
Let m = -1011 + 1028. What is the remainder when 508 is divided by m?
15
Suppose 3*j - 6 = 0, -2*u + j = -1410 + 266. What is the remainder when u is divided by 146?
135
What is the remainder when 1393 is divided by 25452/63*1/2?
181
Suppose 51664 + 14720 = 29*o - 1476. Calculate the remainder when o is divided by 35.
30
Suppose -3*z + 5*d = -458, 5*z + 3*d - 754 = 2*d. Let c = z + -61. Calculate the remainder when c is divided by 24.
18
Let v = 5 + 27. Suppose -o = -3 + 6. Calculate the remainder when 2/(-11) + 4197/(-99)*o is divided by v.
31
Let g(a) = -13*a**2 + 144*a. Suppose 0 = 5*r - 0 - 10. Calculate the remainder when ((-9)/6)/(r/(-28)) is divided by g(11).
10
Let s(w) = 3*w**2 - 55*w + 26. Let y be s(23). Let t = -318 + y. What is the remainder when 59 is divided by t?
29
Suppose -o = -4*c - 9, 3*o - 2*c - 71 = -c. Let z be 39 - (-9 - -7 - (-3 + 1)). Suppose 85*u + z = 88*u. What is the remainder when o is divided by u?
12
Let s be (2/(-6))/((-28)/672). Suppose -5*w + 10 = 0, s*f + w - 38 = 6*f. What is the remainder when 68 is divided by f?
14
Let z = 874 + -862. Calculate the remainder when 1570 is divided by z.
10
Let a(p) = -p**3 + 8*p**2 + p + 16. Let v be a(8). Suppose v*l + 24 = 30*l. What is the remainder when 30 is divided by l?
2
Let c be 11/(-3) + (-14)/(-21). Let m(v) = 6*v**3 + 3*v**2 - 4*v - 5. Let h be m(c). Let t = -113 - h. Calculate the remainder when 29 is divided by t.
14
Suppose -58*j - 84*j + 1704 = 0. Calculate the remainder when 95 is divided by j.
11
Suppose 420 - 6066 = -118*h - 100. Suppose 3*d - 5*d - 4 = 0. Calculate the remainder when h is divided by -5 - -2 - (-22 - d).
13
Suppose -67*h - 5*n = -66*h - 47, -22 = -2*h + 8*n. What is the remainder when 835 is divided by h?
25
Let w(k) = k**3 + 14*k**2 + 19*k - 43. Suppose 47*o - 12 = 48*o. Calculate the remainder when 35 is divided by w(o).
1
Suppose -16*h + 17*h = 0. Suppose -135*v + 136*v - 12 = h. Calculate the remainder when 33 is divided by v.
9
What is the remainder when 440/12540 - 1252/(-57) is divided by (-2)/(-5) - (-58)/5?
10
Let h(t) = -t**3 - 6*t**2 + t + 49. Calculate the remainder when 24/((-22)/(-21) - 1) is divided by h(-4).
10
Suppose 0 = -2*p - 12*n + 13*n + 727, n = -3*p + 1088. Calculate the remainder when p is divided by 34.
23
Suppose 5*u + 403 = 4*a, -6*u + 335 = -10*u + 5*a. Let h = 6 - 1. What is the remainder when 62 is divided by 53/3 + h*(-5)/u?
8
Suppose -5*i + 1670 = -1690. Suppose 0 = -41*z + 47*z - i. Let y = z - 98. What is the remainder when 125 is divided by y?
13
Suppose -11*s - 19*s + 5508 = -12. Calculate the remainder when 619 is divided by s.
67
Suppose -446 + 171 = -29*h + 18*h. Suppose -t + 5*a = -193, -5*t + 0*a + 986 = -4*a. Calculate the remainder when t is divided by h.
23
Let o(a) = -a - 26. Let x(f) = f - 4. Let s(i) = -2*o(i) - 6*x(i). Calculate the remainder when s(-10) is divided by 17.
14
Calculate the remainder when 853 is divided by (-5068)/(-18) + 524/1179.
7
Let s be ((-6)/7)/(-4 + 212/56). Suppose 5*q + s*t - 1149 = -43, -q = 5*t - 238. Calculate the remainder when q is divided by 20.
18
Let w(t) = 3*t**3 - 2*t**2 - 7*t + 8. Let r be w(3). Suppose 4*l = -8, -r = -3*a + 9*l - 8*l. What is the remainder when 121 is divided by a?
9
Let r be (-8)/(-92) - 1582/(-322). Suppose 2*d = -r*g + 143, -55 = -2*g + 5*d - 8*d. What is the remainder when 83 is divided by g?
25
Let u be (18/4)/(6 + (-1179)/198). Calculate the remainder when u - (-1 - (-10 + 5) - 0) is divided by 50.
45
Suppose -16*q = -0*q - 4080. Suppose 16*w - 925 + 669 = 0. What is the remainder when q is divided by w?
15
Let h be 481 - (-4 - 1) - 0. Let a = -294 + h. Calculate the remainder when a is divided by 15.
12
Suppose 4*u + x + 6 = 0, -5*x - 1 = -2*u + 7. What is the remainder when 22/11*u/3*-42 is divided by 21?
7
Let w(k) = 3*k - 9. Let j be w(4). Let r(x) = -x**2 + 10*x**3 - 18*x**2 + 12*x**j - 23*x**3 - 3*x - 4. What is the remainder when r(-19) is divided by 27?
26
Suppose 0 = 8*s - 6*s - 4*j - 158, 3*j = 3*s - 225. What is the remainder when 45/60 - (1674/(-8) + -1) is divided by s?
69
Let o = 77504 - 77474. Calculate the remainder when 46 - (0 + 1 - -1) is divided by o.
14
Let b = -462 + 579. Suppose 2*g - 198 = -2*r, -2*r + 3*g = -b - 81. Calculate the remainder when r is divided by (-6)/8 - (-174)/8.
15
Let u = -63 - -66. Let m be 32*((-2)/16)/(u/(-1254)). Calculate the remainder when ((m + 2)/9)/((-6)/(-4)) is divided by 25.
24
Suppose 33573